 76 = 0. What is the tens digit of j?
2
Suppose 2*q + 4*k - 6 = 0, 3*q + 26 = 2*k - k. Let y be 45/(-2) + (-1)/(-2). Let w = q - y. What is the units digit of w?
5
Suppose -50 = -11*z + 148. Suppose z + 190 = 4*p. What is the tens digit of p?
5
Let x(z) = z**2 + 5*z - 13. Let f = 27 - 37. What is the tens digit of x(f)?
3
Let k be -83 - (2 - (0 - -2)*2). Let x = k - -124. What is the units digit of x?
3
Let x be 134/(-603) - (-578)/9. Suppose -n + 7 - 1 = -g, 0 = 5*g + 20. Suppose 2*y - x = -n*y. What is the tens digit of y?
1
Let s be ((-104)/(-65))/(4/10). Suppose -2*u + 1 = -x, -4*u + 22 = s*x + u. Suppose 7 + x = 2*c. What is the units digit of c?
5
Suppose 952 = y - 5*a - 0*a, 0 = -5*y + 5*a + 4780. What is the units digit of y?
7
Let j(m) = m**2 + 20*m + 91. What is the units digit of j(-17)?
0
Let h = -21 - -20. Let c be (-3 - -4)/(2/(-94)). What is the tens digit of (c/(-5))/(h/(-5))?
4
Let t = -6 - -10. Let m be 24/14*(15 - -6). Suppose m = t*y - 4. What is the tens digit of y?
1
Let b be (32/28)/((-4)/(-14)). Let k = -5 + 7. Suppose b*f + k*i = 158, 0*i + 197 = 5*f + 3*i. What is the tens digit of f?
4
Let g(i) = 34*i + 42. Let k be g(11). Suppose 16*u = 14*u + k. What is the tens digit of u?
0
Let t(f) = f**2 + 16*f - 62. What is the hundreds digit of t(28)?
1
Let h be (-4)/38 - 4/(-38). Suppose 4 = 4*t, h*t + 5*t + 148 = 3*i. Suppose -3*w = 2*r - 63, -17 = -2*r + 2*w + i. What is the tens digit of r?
3
Let d = 12 + -7. Let v be -2 - (0 - -2)*-1. Suppose -d*i + 2*i + 15 = v. What is the units digit of i?
5
Let d be (1 - 21/6)*-2. Suppose o + 2*l = -4, o = -3*o + 3*l + 6. Suppose o*p = -d*p + 105. What is the tens digit of p?
2
What is the units digit of (-1894)/(-6) + (-5)/(-15)?
6
Suppose -5*u + 104 + 71 = -5*k, u - 51 = 5*k. Suppose 0 = i - u + 7. What is the units digit of i?
4
Suppose 5*w = 4*w + 2. Suppose -w*y - 165 = -7*y. What is the units digit of y?
3
Let v(j) be the third derivative of -5*j**4/24 + 2*j**3/3 + 2*j**2. Let d be v(8). Let y = 61 + d. What is the tens digit of y?
2
Let a(d) = d - 1. Let t be a(-5). Let b(r) = -34 + 3*r + 2*r + 59 + r**2 - 22. What is the units digit of b(t)?
9
Let f(r) = 2*r**3 + 36*r**2 - r - 72. What is the hundreds digit of f(-17)?
5
Let w(l) = -l**3 + 8*l**2 + 9*l + 9. Suppose 0*z + 25 = 5*z. Suppose -45 = -z*u - c + 3, 0 = -u + 4*c - 3. What is the units digit of w(u)?
9
Let t be 285*-5*6/(-75). Let a = t - -15. What is the hundreds digit of a?
1
Let t(f) = f**3 + 2*f**2 - 2*f + 4. Let b be -5 - (1 - -2 - 5). Let r be t(b). What is the tens digit of (50/2)/(r - 0)?
2
What is the thousands digit of 4059/2*292/219?
2
Let j(d) be the first derivative of 38*d**2 - d - 13. What is the units digit of j(1)?
5
Let t = 64 + -61. Suppose -3*d + 3*k = 4*k - 537, 171 = d + t*k. What is the hundreds digit of d?
1
Suppose -75 = 2*a - 5*a. Suppose 130 = a*f - 30*f. Let h = 68 + f. What is the tens digit of h?
4
Let x = 11 + -8. Suppose -3*t + 5*t - x = -3*m, 2*m - 2 = t. Suppose t = -2*y - y + 18. What is the units digit of y?
6
Suppose -2 + 11 = 3*t. Let i(o) = -o**2 - 4*o - 3*o + 4*o + 3*o**2. What is the units digit of i(t)?
9
Let i be 75/10*36/(-15). What is the units digit of 200/90 + 4/i?
2
Suppose 2*l - 2*k - 6 = 0, -2*l - 15 = -4*l - k. Suppose 2*m - l = 3*g, 3*g + 3*m + 1 = 10. Suppose -2*j + 4*j - 4 = g. What is the units digit of j?
2
Suppose 6*c - 8 = 4*c. Let f = c + -2. Suppose -f*s - 248 = -5*o - 3*s, 3*o = -5*s + 140. What is the tens digit of o?
5
What is the units digit of (2/(-3))/((-8)/444)?
7
Suppose 0 = 5*d + y - 433, 2*d - 166 = -0*d + 2*y. Suppose -3*j - 50 = -4*l, 2*j + 3*j + d = 4*l. What is the tens digit of j/(-4)*64/24?
1
Suppose 0 = t + 2 + 1. Suppose 0 = -22*a - a + 46. What is the units digit of 3*a/t + 16?
4
Let b(x) = 12*x**2 + 7*x + 11. What is the tens digit of b(7)?
4
Suppose 0 = 37*g - 33*g - 44. Suppose g - 215 = -4*m. What is the tens digit of m?
5
Suppose -18*l = -72 - 3150. What is the hundreds digit of l?
1
Suppose 2*b + 3*y - 2250 = 924, b - 1588 = -2*y. What is the hundreds digit of b?
5
Let a(f) = 7*f**2 + f - 10. What is the hundreds digit of a(-8)?
4
Let q(v) = v**2 - 10*v + 9. Let g be q(9). Suppose g = -t + 3*t - 6. Suppose -2*y = 5*z - t*y - 50, 37 = 2*z + 3*y. What is the tens digit of z?
1
Let y(b) = b**3 + 10*b**2 + 16*b + 12. What is the tens digit of y(-6)?
6
Let f(b) = -b**3 + 20*b**2 + 77*b - 40. What is the hundreds digit of f(22)?
6
Suppose -3*h = 3*j - 9852, 4*h = -4*j + 8*j - 13168. What is the tens digit of j?
8
Suppose 3*g = -q - 2*q - 27, 3*g + 33 = -4*q. Let x be 264/(-18) + (-4)/q. Let k(j) = -j**3 - 15*j**2 - 15*j + 8. What is the tens digit of k(x)?
2
Suppose 26*g = 25*g + 246. What is the hundreds digit of g?
2
Let g(d) = -d**2 - 21*d + 6. Let m be g(-21). Suppose 3*h = h + m. Suppose -a + 1 = -h. What is the units digit of a?
4
Suppose -5*i = -5*m + 4 + 6, 3*m - 2 = -i. Suppose 3*d + m - 13 = 0. Suppose 2*c + d*o = 8, 4*c - 3*c + 5*o = -11. What is the units digit of c?
4
Let z be ((-24)/(-48))/(42/(-44) + 1). Suppose 13*n - 280 = z*n. What is the hundreds digit of n?
1
Suppose 5*x - 912 = 2*a, -4*x = -a - 359 - 370. What is the hundreds digit of x?
1
Suppose -3*f + 1 + 92 = 0. Let o = -14 + f. What is the units digit of o?
7
What is the units digit of 6/(-42) - (-29822)/14?
0
Suppose 2*g + 4*h = -1 - 3, 0 = 5*g - 3*h + 75. Let q = g - -17. Suppose q*t = -28 + 63. What is the units digit of t?
7
What is the units digit of 150/(((-3 - -2) + 2)/1)?
0
Suppose -14*d = -5105 - 7831. What is the hundreds digit of d?
9
Suppose 0 = 101*i - 103*i - 4. What is the units digit of ((11/(-5) - i) + 14)*5?
9
Suppose 2*q - 184 = q - 3*t, 5*t = -5*q + 870. Suppose -4*b + 4*z = -148, 3*z + 0*z = -5*b + q. What is the tens digit of b?
3
Let g(n) = n**2 - n + 53. Suppose 0 = 8*h - 11*h. What is the tens digit of g(h)?
5
Let q = 7 + -4. Suppose 2*x - 4 = -6. Let d = q + x. What is the units digit of d?
2
Let z be (96/(-36))/((-2)/6). Suppose 0 = -z*f + 6*f + 94. What is the tens digit of f?
4
Let x = -766 + 2254. What is the tens digit of x?
8
Let s be 5 - (1 + -5)/4. Suppose -8*n + 14 = -s*n. Suppose -4*p + 156 = -4*y, -3*p + 3*y - 191 = -n*p. What is the units digit of p?
4
Let l(i) = i**2 - 7*i. Let f be l(7). Let t(j) = j**3 + 4*j**2 + 2*j - 2. Let c be t(-2). Suppose 0 = c*w, g - w - 4 = -f. What is the units digit of g?
4
Let w(f) = -14*f - 8. Let r be w(-11). Let g = r - 92. What is the units digit of g?
4
Let o(p) = 19*p**3 - 5*p**2 - 14*p + 26. What is the hundreds digit of o(4)?
1
Let r(h) = h**2 + 10*h + 17. Suppose -13 = -n - 26. Let x be r(n). Let d = -8 + x. What is the tens digit of d?
4
Suppose 3*a + 3916 = 2*v - 2*a, 2*v - 4*a = 3916. What is the units digit of v?
8
Let d = -70 - -216. Suppose 4*c = 5*c - d. What is the tens digit of c?
4
Suppose 7*u = 5*u + 1740. Suppose 3*i + r + u = 0, 4*i - 3*r - 580 = 6*i. What is the units digit of 2/7 - i/14?
1
Suppose 7*n = -2*n - 27. What is the tens digit of (n + 1)/8 - (-1305)/20?
6
Let m be 4/18 + 10/(-45). Suppose m = -2*n - 3*n + 20. Suppose -44 - 12 = -n*k. What is the tens digit of k?
1
Let y be (-3)/2*(-10 + 8). Suppose 1650 = 2*p + y*p. What is the units digit of p/45*(-9)/(-2)?
3
Let u(i) = -i + 11. Let f be u(10). Let o be (-36)/(-7) + f/(-7). Suppose -4*q - 4*w + 224 = 0, o*q - 194 = q + 2*w. What is the tens digit of q?
5
Suppose f = 3*b - 16, 2*f - 10 = 7*f - b. What is the tens digit of (f - (-1 + -64))/2?
3
Let j(g) = 5*g + 44. Let s(v) = -2*v - 22. Let d(m) = -3*j(m) - 7*s(m). What is the tens digit of d(12)?
1
Let u = 1606 - 1008. What is the tens digit of u?
9
Let l = -250 + 5952. What is the thousands digit of l?
5
Let g = -202 - -1062. What is the units digit of g?
0
Suppose w + 100 - 162 = 0. What is the tens digit of w?
6
Suppose 0*i = -3*c - 3*i + 1161, -2*c + 5*i + 795 = 0. Suppose -n + c = 5*n. What is the units digit of n?
5
Let k = 87 + 9. What is the tens digit of (-2 - 1) + (k - 3)?
9
Suppose -9*x + 2821 = -140. What is the tens digit of x?
2
Let v(m) = -387*m + 2. Let d be v(-1). Suppose d = 2*u + 3*u - 2*x, 81 = u - 2*x. What is the units digit of u?
7
Let w = -103 - -137. What is the units digit of w?
4
Let u = -35 + 165. Suppose -j + 7 = b, 47 = 5*b + 3*j